0?
True
Is 535 a factor of 47223729?
False
Does 292 divide 40383892?
True
Does 6960 divide 15777169?
False
Does 596 divide 1761398732?
True
Does 1833 divide 69739781?
False
Is 1358476999 a multiple of 11?
True
Does 819 divide 344333105?
False
Is 114902698 a multiple of 314?
False
Is 1303 a factor of 1069959190?
False
Is 199 a factor of 9423437?
False
Is 788003747 a multiple of 445?
False
Does 116 divide 16281165?
False
Is 1150596025 a multiple of 1078?
False
Is 3328 a factor of 3860644?
False
Does 15 divide 60091170?
True
Does 1566 divide 293377714?
False
Is 4467960 a multiple of 81?
True
Does 108 divide 1743954084?
True
Is 776722842 a multiple of 917?
True
Does 34 divide 367722156?
False
Is 903 a factor of 2494578135?
True
Is 1168 a factor of 49853745?
False
Is 598 a factor of 108239794?
True
Does 5 divide 17060271?
False
Does 177 divide 46778555?
False
Is 77443828 a multiple of 154?
True
Does 248 divide 115519640?
True
Does 5 divide 16104532?
False
Is 7257807 a multiple of 76?
False
Is 247 a factor of 1549465827?
True
Is 47247289 a multiple of 1224?
False
Is 10835328 a multiple of 24?
True
Does 446 divide 20230560?
True
Does 18 divide 739595916?
True
Does 2370 divide 64205670?
True
Is 259 a factor of 4676245?
True
Is 80721302 a multiple of 2925?
False
Is 578755337 a multiple of 31?
True
Is 281 a factor of 173943703?
False
Is 9040869 a multiple of 808?
False
Does 27 divide 2321525?
False
Does 56 divide 38668789?
False
Does 117 divide 454725670?
False
Is 177190653 a multiple of 84?
False
Is 366127755 a multiple of 1421?
True
Is 13 a factor of 2454082854?
False
Is 170 a factor of 187242297?
False
Does 1150 divide 159930442?
False
Is 15 a factor of 36868080?
True
Is 63236096 a multiple of 896?
True
Does 688 divide 6070140?
False
Is 110897932 a multiple of 130?
False
Is 200 a factor of 4753683595?
False
Is 129041685 a multiple of 465?
True
Is 99 a factor of 2851944595?
False
Does 111 divide 88853724?
True
Is 61466699 a multiple of 1621?
True
Is 90312800 a multiple of 5716?
True
Does 320 divide 50017280?
True
Does 44 divide 156963224?
True
Is 766257592 a multiple of 926?
True
Is 683 a factor of 1368557438?
False
Is 274 a factor of 9429247?
False
Does 1279 divide 74309900?
True
Is 2025390704 a multiple of 59?
True
Does 376 divide 6738623?
False
Does 72 divide 12815496?
True
Does 205 divide 1111305?
True
Is 2935855 a multiple of 155?
True
Is 4 a factor of 11004152?
True
Does 40 divide 27359?
False
Is 45 a factor of 3079685924?
False
Is 22114431 even?
False
Is 2130 a factor of 1180639830?
True
Is 6 a factor of 12658184?
False
Is 8 a factor of 65438335?
False
Is 179408367 a multiple of 1744?
False
Does 19 divide 428339202?
False
Is 256 a factor of 1200209805?
False
Does 1941 divide 159884631?
False
Is 712119925 a multiple of 55?
True
Is 440504336 a multiple of 16?
True
Does 9 divide 3023289153?
True
Is 436 a factor of 28514668?
False
Is 179 a factor of 15112823?
False
Does 2023 divide 64887725?
True
Is 34923591 a multiple of 17?
False
Is 53076008 a multiple of 14?
False
Is 109388384 a multiple of 28?
True
Is 147 a factor of 5927334?
True
Is 14 a factor of 4164892032?
True
Is 15 a factor of 18793954?
False
Is 53326746 a multiple of 22?
True
Does 27 divide 18943578?
True
Is 639900 a multiple of 36?
True
Is 3107 a factor of 2025132357?
False
Is 7 a factor of 9541070?
True
Does 88 divide 1171873560?
True
Is 12 a factor of 4782348?
True
Is 184931206 a multiple of 11?
False
Does 42 divide 51271458?
True
Does 35 divide 765818025?
True
Does 525 divide 1321385625?
True
Is 5011 a factor of 47461257?
False
Does 2 divide 1673545?
False
Does 315 divide 28806854?
False
Is 216351074 a multiple of 937?
False
Does 40 divide 15427770?
False
Does 5 divide 228029100?
True
Is 30 a factor of 449406900?
True
Is 59105902 a multiple of 1077?
False
Does 41 divide 34658120?
True
Does 351 divide 56474145?
True
Is 267745656 a multiple of 12?
True
Is 194 a factor of 5781634?
False
Is 16 a factor of 317072450?
False
Does 19 divide 108327265?
True
Does 1277 divide 746306401?
False
Does 2 divide 24618835?
False
Is 221 a factor of 119763878?
True
Does 3 divide 63407314?
False
Does 454 divide 169483648?
True
Is 288 a factor of 12457663?
False
Is 27911178 a multiple of 153?
True
Does 508 divide 434454300?
True
Is 1645 a factor of 1045229710?
True
Is 385456872 a multiple of 8?
True
Is 7924475 a multiple of 6?
False
Does 2 divide 2566508?
True
Does 2774 divide 905247742?
True
Is 169 a factor of 119059993?
True
Is 631 a factor of 7617432?
True
Is 85021105 a multiple of 215?
True
Is 2089846624 a multiple of 3103?
False
Is 488443631 a multiple of 2197?
True
Is 3209423 a multiple of 5?
False
Does 75 divide 1006682646?
False
Is 978 a factor of 741176322?
True
Is 48994128 a multiple of 144?
True
Does 304 divide 8495906?
False
Is 10829675 a multiple of 247?
False
Is 637 a factor of 88295207?
True
Does 5 divide 145226879?
False
Is 218331881 a multiple of 3?
False
Is 7 a factor of 37434907?
False
Is 212 a factor of 38174052?
False
Is 9 a factor of 2600359?
False
Does 815 divide 10966640?
True
Does 3335 divide 136013172?
False
Is 28 a factor of 5464866105?
False
Does 6 divide 10561571?
False
Does 6 divide 243246802?
False
Does 172 divide 26087253?
False
Does 78 divide 23102352?
True
Is 610125 a multiple of 36?
False
Is 27 a factor of 1322546404?
False
Is 214 a factor of 1352283363?
False
Is 1827 a factor of 899322480?
True
Is 65938400 a multiple of 2596?
True
Is 14256514 a multiple of 151?
True
Is 2037 a factor of 1095899?
False
Does 78 divide 67110013?
False
Is 9 a factor of 26778045?
False
Is 107791280 a multiple of 16?
True
Is 162055106 a multiple of 802?
False
Is 223757731 a multiple of 694?
False
Does 117 divide 24861911?
False
Is 153 a factor of 6324714?
True
Does 196 divide 115220364?
True
Is 335034969 a multiple of 15?
False
Does 19 divide 15799412?
True
Is 120 a factor of 46277280?
True
Does 90 divide 21173786?
False
Does 164 divide 115575537?
False
Is 69117776 a multiple of 1036?
True
Does 8 divide 369760?
True
Is 52 a factor of 40521416?
True
Does 335 divide 291278480?
True
Is 16 a factor of 7420394?
False
Does 1865 divide 672703635?
True
Is 42977217 a multiple of 1943?
True
Is 1926 a factor of 1875190194?
True
Is 735686686 a multiple of 1262?
True
Is 10 a factor of 162885810?
True
Does 27 divide 964190178?
False
Is 46 a factor of 2898914211?
False
Is 238 a factor of 25133514?
True
Does 543 divide 6539965?
False
Is 5 a factor of 377192730?
True
Does 155 divide 142408885?
True
Is 13549289 a multiple of 507?
False
Is 150818489 a multiple of 3?
False
Is 3 a factor of 11086762?
False
Is 225 a factor of 6763213?
False
Is 64 a factor of 46424054?
False
Is 24584577 a multiple of 5?
False
Does 21 divide 324915777?
False
Is 532122318 a multiple of 554?
False
Is 20 a factor of 132906500?
True
Does 1127 divide 1812012013?
True
Is 77812036 a multiple of 401?
False
Is 20 a factor of 1755521000?
True
Is 483691252 a multiple of 22?
True
Does 175 divide 444123050?
True
Is 217824996 a multiple of 276?
True
Is 185 a factor of 63587275?
True
Does 214 divide 32046928?
True
Is 1084 a factor of 1094618864?
True
Is 152208003 a multiple of 43?
True
Is 1131700635 a multiple of 5757?
False
Is 813966362 a multiple of 11?
True
Does 556 divide 1387464335?
False
Does 91 divide 28358895?
False
Is 1224789525 a multiple of 179?
False
Is 678229200 a multiple of 4455?
True
Is 33 a factor of 155246652?
True
Is 13 a factor of 196876972?
False
Does 7 divide 45279171?
True
Does 524 divide 133461228?
True
Is 3204 a factor of 1068665791?
False
Is 396219865 a multiple of 37?
True
Does 255 divide 235093256?
False
Does 13 divide 23979281?
False
Is 9 a factor of 377554920?
False
Is 109950384 a multiple of 48?
True
Does 435 divide 11230830?
True
Is 265613490 a multiple of 691?
True
Is 2973 a factor of 84301945?
False
Is 297546263 a multiple of 59?
True
Is 23 a factor of 504356424?
False
Is 73765089 a multiple of 13?
False
Does 22 divide 351403294?
True
Does 1339 divide 19853353?
True
Is 715713994 a multiple of 523?
True
Is 5422511 a multiple of 1093?
False
Is 489836632 a multiple of 2701?
False
Does 769 divide 220693772?
True
Is 78 a factor of 15487993?
False
Does 1290 divide 640536600?
True
Does 72 divide 9144864?
True
Does 21